{"id":36955,"date":"2026-01-14T18:54:21","date_gmt":"2026-01-14T18:54:21","guid":{"rendered":"https:\/\/todaysveterinarypractice.com\/?page_id=36955"},"modified":"2026-02-11T20:48:26","modified_gmt":"2026-02-11T20:48:26","slug":"edicion-en-espanol","status":"publish","type":"page","link":"https:\/\/navc.sitepreview.app\/todaysveterinarypractice.com\/edicion-en-espanol\/","title":{"rendered":"Edici\u00f3n en Espa\u00f1ol"},"content":{"rendered":"<p><a href=\"https:\/\/todaysveterinarypractice.com\/wp-content\/uploads\/sites\/4\/2026\/02\/TVP-2025-SPA_Cover_Updated.jpg\" target=\"_blank\" rel=\"noopener\"><img fetchpriority=\"high\" decoding=\"async\" style=\"aspect-ratio: auto 1240 \/ 1754;\" title=\"TVP-2025-SPA_Cover_Updated\" src=\"https:\/\/todaysveterinarypractice.com\/wp-content\/uploads\/sites\/4\/2026\/02\/TVP-2025-SPA_Cover_Updated.jpg\" alt=\"\" width=\"275\" height=\"389\" data-id=\"37158\" data-init-width=\"1240\" data-init-height=\"1754\" data-width=\"275\" data-height=\"389\" data-link-wrap=\"true\" data-ll-status=\"loaded\" data-lazy-src=\"https:\/\/todaysveterinarypractice.com\/wp-content\/uploads\/sites\/4\/2026\/01\/TVP-2025-SPA_Cover-scaled.jpg\" \/><img decoding=\"async\" style=\"aspect-ratio: auto 1810 \/ 2560;\" title=\"TVP-2025-SPA_Cover\" src=\"https:\/\/todaysveterinarypractice.com\/wp-content\/uploads\/sites\/4\/2026\/01\/TVP-2025-SPA_Cover-scaled.jpg\" alt=\"\" width=\"275\" height=\"389\" data-id=\"36963\" data-init-width=\"1810\" data-init-height=\"2560\" data-width=\"275\" data-height=\"389\" data-link-wrap=\"true\" data-ll-status=\"loaded\" \/><img decoding=\"async\" style=\"aspect-ratio: auto 1810 \/ 2560;\" title=\"TVP-2025-SPA_Cover\" src=\"https:\/\/todaysveterinarypractice.com\/wp-content\/uploads\/sites\/4\/2026\/01\/TVP-2025-SPA_Cover-scaled.jpg\" alt=\"\" width=\"275\" height=\"389\" data-id=\"36963\" data-init-width=\"1810\" data-init-height=\"2560\" data-width=\"275\" data-height=\"389\" data-link-wrap=\"true\" \/><\/a><\/p>\n<h1><span style=\"--tcb-applied-color: #007278 !important; color: #007278 !important;\">2026<\/span><\/h1>\n<h1><span style=\"--tcb-applied-color: #58585a !important; color: #58585a !important;\">Today&#8217;s Veterinary Practice: Edici\u00f3n en Espa\u00f1ol<\/span><\/h1>\n<h3 style=\"color: #007278 !important; --tcb-applied-color: #007278 !important;\"><span style=\"font-weight: normal;\">Una nueva voz en espa\u00f1ol para la medicina veterinaria avanzada<\/span><\/h3>\n<p><span style=\"font-weight: normal;\">La NAVC se enorgullece de presentar <\/span><a style=\"outline: none;\" href=\"https:\/\/navc.dragonforms.com\/loading.do?omedasite=TVPSpanish\" target=\"_blank\" rel=\"noopener\"><span style=\"font-weight: normal;\">una nueva edici\u00f3n en espa\u00f1ol de Today&#8217;s Veterinary Practice<\/span><\/a><span style=\"font-weight: normal;\">, una reconocida publicaci\u00f3n de medicina veterinaria y una referencia internacional para cl\u00ednicos y profesionales dedicados al cuidado avanzado de los animales de compa\u00f1\u00eda.Nuestro objetivo con esta nueva versi\u00f3n es acercar contenido t\u00e9cnico de alta calidad, revisado por expertos, a los profesionales hispanohablantes, manteniendo el rigor cient\u00edfico y la claridad pr\u00e1ctica que han caracterizado a la edici\u00f3n original en ingl\u00e9s.Suscribete gratis para recibir una edici\u00f3n digital cada trimestre (en enero, abril, julio, y octubre). Cada n\u00famero se centrar\u00e1 en un tema importante de su pr\u00e1ctica cl\u00ednica e incluir\u00e1:\u2022 Un art\u00edculo revisado por pares escrito por un experto\u2022 Comentario sobre las conclusiones principales del art\u00edculo\u2022 Consejos de la gerencia de la pr\u00e1ctica<\/span><\/p>\n<p><strong>\u00a1Suscribete gratis para recibir una edici\u00f3n digital cada trimestre!<\/strong><\/p>\n","protected":false},"excerpt":{"rendered":"<p>2026 Today&#8217;s Veterinary Practice: Edici\u00f3n en Espa\u00f1ol Una nueva voz en espa\u00f1ol para la medicina veterinaria avanzada La NAVC se enorgullece de presentar una nueva edici\u00f3n en espa\u00f1ol de Today&#8217;s Veterinary Practice, una reconocida publicaci\u00f3n de medicina veterinaria y una referencia internacional para cl\u00ednicos y profesionales dedicados al cuidado avanzado de los animales de compa\u00f1\u00eda.<\/p>\n","protected":false},"author":236,"featured_media":0,"parent":0,"menu_order":0,"comment_status":"closed","ping_status":"closed","template":"","meta":{"_acf_changed":false,"iawp_total_views":204,"footnotes":""},"class_list":["post-36955","page","type-page","status-publish","hentry"],"acf":[],"yoast_head":"<!-- This site is optimized with the Yoast SEO Premium plugin v24.7 (Yoast SEO v27.3) - https:\/\/yoast.com\/product\/yoast-seo-premium-wordpress\/ -->\n<title>Edici\u00f3n en Espa\u00f1ol | Today&#039;s Veterinary Practice<\/title>\n<meta name=\"description\" content=\"Edici\u00f3n en Espa\u00f1ol | Today&#039;s Veterinary Practice\" \/>\n<meta name=\"robots\" content=\"noindex, follow, max-snippet:-1, max-image-preview:large, max-video-preview:-1\" \/>\n<meta property=\"og:locale\" content=\"en_US\" \/>\n<meta property=\"og:type\" content=\"article\" \/>\n<meta property=\"og:title\" content=\"Edici\u00f3n en Espa\u00f1ol\" \/>\n<meta property=\"og:description\" content=\"Edici\u00f3n en Espa\u00f1ol | Today&#039;s Veterinary Practice\" \/>\n<meta property=\"og:url\" content=\"https:\/\/navc.sitepreview.app\/todaysveterinarypractice.com\/edicion-en-espanol\/\" \/>\n<meta property=\"og:site_name\" content=\"Today&#039;s Veterinary Practice\" \/>\n<meta property=\"article:publisher\" content=\"https:\/\/www.facebook.com\/todaysveterinarypractice\" \/>\n<meta property=\"article:modified_time\" content=\"2026-02-11T20:48:26+00:00\" \/>\n<meta property=\"og:image\" content=\"https:\/\/todaysveterinarypractice.com\/wp-content\/uploads\/sites\/4\/2026\/02\/TVP-2025-SPA_Cover_Updated.jpg\" \/>\n<meta name=\"twitter:card\" content=\"summary_large_image\" \/>\n<meta name=\"twitter:label1\" content=\"Est. reading time\" \/>\n\t<meta name=\"twitter:data1\" content=\"1 minute\" \/>\n<script type=\"application\/ld+json\" class=\"yoast-schema-graph\">{\"@context\":\"https:\\\/\\\/schema.org\",\"@graph\":[{\"@type\":\"WebPage\",\"@id\":\"https:\\\/\\\/navc.sitepreview.app\\\/todaysveterinarypractice.com\\\/edicion-en-espanol\\\/\",\"url\":\"https:\\\/\\\/navc.sitepreview.app\\\/todaysveterinarypractice.com\\\/edicion-en-espanol\\\/\",\"name\":\"Edici\u00f3n en Espa\u00f1ol | Today&#039;s Veterinary Practice\",\"isPartOf\":{\"@id\":\"https:\\\/\\\/navc.sitepreview.app\\\/todaysveterinarypractice.com\\\/#website\"},\"primaryImageOfPage\":{\"@id\":\"https:\\\/\\\/navc.sitepreview.app\\\/todaysveterinarypractice.com\\\/edicion-en-espanol\\\/#primaryimage\"},\"image\":{\"@id\":\"https:\\\/\\\/navc.sitepreview.app\\\/todaysveterinarypractice.com\\\/edicion-en-espanol\\\/#primaryimage\"},\"thumbnailUrl\":\"https:\\\/\\\/todaysveterinarypractice.com\\\/wp-content\\\/uploads\\\/sites\\\/4\\\/2026\\\/02\\\/TVP-2025-SPA_Cover_Updated.jpg\",\"datePublished\":\"2026-01-14T18:54:21+00:00\",\"dateModified\":\"2026-02-11T20:48:26+00:00\",\"description\":\"Edici\u00f3n en Espa\u00f1ol | Today&#039;s Veterinary Practice\",\"breadcrumb\":{\"@id\":\"https:\\\/\\\/navc.sitepreview.app\\\/todaysveterinarypractice.com\\\/edicion-en-espanol\\\/#breadcrumb\"},\"inLanguage\":\"en-US\",\"potentialAction\":[{\"@type\":\"ReadAction\",\"target\":[\"https:\\\/\\\/navc.sitepreview.app\\\/todaysveterinarypractice.com\\\/edicion-en-espanol\\\/\"]}]},{\"@type\":\"ImageObject\",\"inLanguage\":\"en-US\",\"@id\":\"https:\\\/\\\/navc.sitepreview.app\\\/todaysveterinarypractice.com\\\/edicion-en-espanol\\\/#primaryimage\",\"url\":\"https:\\\/\\\/todaysveterinarypractice.com\\\/wp-content\\\/uploads\\\/sites\\\/4\\\/2026\\\/02\\\/TVP-2025-SPA_Cover_Updated.jpg\",\"contentUrl\":\"https:\\\/\\\/todaysveterinarypractice.com\\\/wp-content\\\/uploads\\\/sites\\\/4\\\/2026\\\/02\\\/TVP-2025-SPA_Cover_Updated.jpg\"},{\"@type\":\"BreadcrumbList\",\"@id\":\"https:\\\/\\\/navc.sitepreview.app\\\/todaysveterinarypractice.com\\\/edicion-en-espanol\\\/#breadcrumb\",\"itemListElement\":[{\"@type\":\"ListItem\",\"position\":1,\"name\":\"Home\",\"item\":\"https:\\\/\\\/navc.sitepreview.app\\\/todaysveterinarypractice.com\\\/\"},{\"@type\":\"ListItem\",\"position\":2,\"name\":\"Edici\u00f3n en Espa\u00f1ol\"}]},{\"@type\":\"WebSite\",\"@id\":\"https:\\\/\\\/navc.sitepreview.app\\\/todaysveterinarypractice.com\\\/#website\",\"url\":\"https:\\\/\\\/navc.sitepreview.app\\\/todaysveterinarypractice.com\\\/\",\"name\":\"Today's Veterinary Practice\",\"description\":\"Peer-Reviewed Veterinary Journal\",\"publisher\":{\"@id\":\"https:\\\/\\\/navc.sitepreview.app\\\/todaysveterinarypractice.com\\\/#organization\"},\"potentialAction\":[{\"@type\":\"SearchAction\",\"target\":{\"@type\":\"EntryPoint\",\"urlTemplate\":\"https:\\\/\\\/navc.sitepreview.app\\\/todaysveterinarypractice.com\\\/?s={search_term_string}\"},\"query-input\":{\"@type\":\"PropertyValueSpecification\",\"valueRequired\":true,\"valueName\":\"search_term_string\"}}],\"inLanguage\":\"en-US\"},{\"@type\":\"Organization\",\"@id\":\"https:\\\/\\\/navc.sitepreview.app\\\/todaysveterinarypractice.com\\\/#organization\",\"name\":\"Today's Veterinary Practice\",\"url\":\"https:\\\/\\\/navc.sitepreview.app\\\/todaysveterinarypractice.com\\\/\",\"logo\":{\"@type\":\"ImageObject\",\"inLanguage\":\"en-US\",\"@id\":\"https:\\\/\\\/navc.sitepreview.app\\\/todaysveterinarypractice.com\\\/#\\\/schema\\\/logo\\\/image\\\/\",\"url\":\"https:\\\/\\\/todaysveterinarypractice.com\\\/wp-content\\\/uploads\\\/sites\\\/4\\\/2022\\\/01\\\/tvp-logo.png\",\"contentUrl\":\"https:\\\/\\\/todaysveterinarypractice.com\\\/wp-content\\\/uploads\\\/sites\\\/4\\\/2022\\\/01\\\/tvp-logo.png\",\"width\":179,\"height\":89,\"caption\":\"Today's Veterinary Practice\"},\"image\":{\"@id\":\"https:\\\/\\\/navc.sitepreview.app\\\/todaysveterinarypractice.com\\\/#\\\/schema\\\/logo\\\/image\\\/\"},\"sameAs\":[\"https:\\\/\\\/www.facebook.com\\\/todaysveterinarypractice\",\"https:\\\/\\\/www.youtube.com\\\/thenavc\"],\"email\":\"info@navc.com\"}]}<\/script>\n<!-- \/ Yoast SEO Premium plugin. -->","yoast_head_json":{"title":"Edici\u00f3n en Espa\u00f1ol | Today&#039;s Veterinary Practice","description":"Edici\u00f3n en Espa\u00f1ol | Today&#039;s Veterinary Practice","robots":{"index":"noindex","follow":"follow","max-snippet":"max-snippet:-1","max-image-preview":"max-image-preview:large","max-video-preview":"max-video-preview:-1"},"og_locale":"en_US","og_type":"article","og_title":"Edici\u00f3n en Espa\u00f1ol","og_description":"Edici\u00f3n en Espa\u00f1ol | Today&#039;s Veterinary Practice","og_url":"https:\/\/navc.sitepreview.app\/todaysveterinarypractice.com\/edicion-en-espanol\/","og_site_name":"Today&#039;s Veterinary Practice","article_publisher":"https:\/\/www.facebook.com\/todaysveterinarypractice","article_modified_time":"2026-02-11T20:48:26+00:00","og_image":[{"url":"https:\/\/todaysveterinarypractice.com\/wp-content\/uploads\/sites\/4\/2026\/02\/TVP-2025-SPA_Cover_Updated.jpg","type":"","width":"","height":""}],"twitter_card":"summary_large_image","twitter_misc":{"Est. reading time":"1 minute"},"schema":{"@context":"https:\/\/schema.org","@graph":[{"@type":"WebPage","@id":"https:\/\/navc.sitepreview.app\/todaysveterinarypractice.com\/edicion-en-espanol\/","url":"https:\/\/navc.sitepreview.app\/todaysveterinarypractice.com\/edicion-en-espanol\/","name":"Edici\u00f3n en Espa\u00f1ol | Today&#039;s Veterinary Practice","isPartOf":{"@id":"https:\/\/navc.sitepreview.app\/todaysveterinarypractice.com\/#website"},"primaryImageOfPage":{"@id":"https:\/\/navc.sitepreview.app\/todaysveterinarypractice.com\/edicion-en-espanol\/#primaryimage"},"image":{"@id":"https:\/\/navc.sitepreview.app\/todaysveterinarypractice.com\/edicion-en-espanol\/#primaryimage"},"thumbnailUrl":"https:\/\/todaysveterinarypractice.com\/wp-content\/uploads\/sites\/4\/2026\/02\/TVP-2025-SPA_Cover_Updated.jpg","datePublished":"2026-01-14T18:54:21+00:00","dateModified":"2026-02-11T20:48:26+00:00","description":"Edici\u00f3n en Espa\u00f1ol | Today&#039;s Veterinary Practice","breadcrumb":{"@id":"https:\/\/navc.sitepreview.app\/todaysveterinarypractice.com\/edicion-en-espanol\/#breadcrumb"},"inLanguage":"en-US","potentialAction":[{"@type":"ReadAction","target":["https:\/\/navc.sitepreview.app\/todaysveterinarypractice.com\/edicion-en-espanol\/"]}]},{"@type":"ImageObject","inLanguage":"en-US","@id":"https:\/\/navc.sitepreview.app\/todaysveterinarypractice.com\/edicion-en-espanol\/#primaryimage","url":"https:\/\/todaysveterinarypractice.com\/wp-content\/uploads\/sites\/4\/2026\/02\/TVP-2025-SPA_Cover_Updated.jpg","contentUrl":"https:\/\/todaysveterinarypractice.com\/wp-content\/uploads\/sites\/4\/2026\/02\/TVP-2025-SPA_Cover_Updated.jpg"},{"@type":"BreadcrumbList","@id":"https:\/\/navc.sitepreview.app\/todaysveterinarypractice.com\/edicion-en-espanol\/#breadcrumb","itemListElement":[{"@type":"ListItem","position":1,"name":"Home","item":"https:\/\/navc.sitepreview.app\/todaysveterinarypractice.com\/"},{"@type":"ListItem","position":2,"name":"Edici\u00f3n en Espa\u00f1ol"}]},{"@type":"WebSite","@id":"https:\/\/navc.sitepreview.app\/todaysveterinarypractice.com\/#website","url":"https:\/\/navc.sitepreview.app\/todaysveterinarypractice.com\/","name":"Today's Veterinary Practice","description":"Peer-Reviewed Veterinary Journal","publisher":{"@id":"https:\/\/navc.sitepreview.app\/todaysveterinarypractice.com\/#organization"},"potentialAction":[{"@type":"SearchAction","target":{"@type":"EntryPoint","urlTemplate":"https:\/\/navc.sitepreview.app\/todaysveterinarypractice.com\/?s={search_term_string}"},"query-input":{"@type":"PropertyValueSpecification","valueRequired":true,"valueName":"search_term_string"}}],"inLanguage":"en-US"},{"@type":"Organization","@id":"https:\/\/navc.sitepreview.app\/todaysveterinarypractice.com\/#organization","name":"Today's Veterinary Practice","url":"https:\/\/navc.sitepreview.app\/todaysveterinarypractice.com\/","logo":{"@type":"ImageObject","inLanguage":"en-US","@id":"https:\/\/navc.sitepreview.app\/todaysveterinarypractice.com\/#\/schema\/logo\/image\/","url":"https:\/\/todaysveterinarypractice.com\/wp-content\/uploads\/sites\/4\/2022\/01\/tvp-logo.png","contentUrl":"https:\/\/todaysveterinarypractice.com\/wp-content\/uploads\/sites\/4\/2022\/01\/tvp-logo.png","width":179,"height":89,"caption":"Today's Veterinary Practice"},"image":{"@id":"https:\/\/navc.sitepreview.app\/todaysveterinarypractice.com\/#\/schema\/logo\/image\/"},"sameAs":["https:\/\/www.facebook.com\/todaysveterinarypractice","https:\/\/www.youtube.com\/thenavc"],"email":"info@navc.com"}]}},"_links":{"self":[{"href":"https:\/\/navc.sitepreview.app\/todaysveterinarypractice.com\/wp-json\/wp\/v2\/pages\/36955","targetHints":{"allow":["GET"]}}],"collection":[{"href":"https:\/\/navc.sitepreview.app\/todaysveterinarypractice.com\/wp-json\/wp\/v2\/pages"}],"about":[{"href":"https:\/\/navc.sitepreview.app\/todaysveterinarypractice.com\/wp-json\/wp\/v2\/types\/page"}],"author":[{"embeddable":true,"href":"https:\/\/navc.sitepreview.app\/todaysveterinarypractice.com\/wp-json\/wp\/v2\/users\/236"}],"replies":[{"embeddable":true,"href":"https:\/\/navc.sitepreview.app\/todaysveterinarypractice.com\/wp-json\/wp\/v2\/comments?post=36955"}],"version-history":[{"count":31,"href":"https:\/\/navc.sitepreview.app\/todaysveterinarypractice.com\/wp-json\/wp\/v2\/pages\/36955\/revisions"}],"predecessor-version":[{"id":37162,"href":"https:\/\/navc.sitepreview.app\/todaysveterinarypractice.com\/wp-json\/wp\/v2\/pages\/36955\/revisions\/37162"}],"wp:attachment":[{"href":"https:\/\/navc.sitepreview.app\/todaysveterinarypractice.com\/wp-json\/wp\/v2\/media?parent=36955"}],"curies":[{"name":"wp","href":"https:\/\/api.w.org\/{rel}","templated":true}]}}